+ 2*k. Calculate m(x).
3
Suppose 37 = -5*i + y + 12, 0 = -5*i - 3*y - 25. Suppose -z = 1 + 2. Let f = z - i. Let x(k) = 8*k - 3. Give x(f).
13
Let s(m) = -m - 6. Let h(b) = 7*b**3 - 11*b**2 + 4*b - 13. Let p(x) = -20*x**3 + 32*x**2 - 12*x + 38. Let z(f) = 17*h(f) + 6*p(f). Let g be z(4). Give s(g).
-13
Let a(v) = -95*v + 85. Let c(m) = -8*m + 7. Let u(l) = -3*a(l) + 35*c(l). Let t(o) = o - 1. Let b(n) = 6*t(n) - u(n). Give b(0).
4
Let t = 5 + -3. Let m(h) = -19*h**2 - h + 17. Let w(q) = -12*q**2 - q + 11. Let n(y) = 5*m(y) - 8*w(y). What is n(t)?
7
Let q(i) = -2 - 12*i**2 - 50*i**2 + 7*i + 2 + 63*i**2 - 2. Let f = -21 - -13. What is q(f)?
6
Suppose 45*g = 41*g - 16, 3*f - 3*g - 39 = 0. Let n(p) = -5*p + 46. What is n(f)?
1
Let d(h) = 3*h - 6. Let f be 13 + 0 + (-1 - 0). Let v be 3/5 + ((-156)/(-15) - 3). Let b = f - v. Give d(b).
6
Let y(s) be the second derivative of -s**5/120 + s**4/8 + s**3/3 + 10*s. Let w(q) be the second derivative of y(q). What is w(5)?
-2
Let y = 524 + -538. Let g(r) = r**3 + 14*r**2 - r - 14. Calculate g(y).
0
Suppose -2*w + 0 = 4. Let i(z) = z**3 - 3*z**2 + z. Let d(p) = p**3 - 9*p**2 - p - 1. Let t(u) = -d(u) + 2*i(u). Calculate t(w).
-1
Let r(b) = -b**2 - 8*b - 11. Let z = 1580 - 1588. Determine r(z).
-11
Let m(i) = -i**3 - 4*i**2 + 4*i - 3. Let c(a) = 2*a**2 + 2*a + 2. Let j be c(-2). Suppose q - d + 4 = 0, 0*d - d - j = q. Give m(q).
2
Let v(z) = -9*z**3 - z**2 - 4*z - 3. Let q(f) = f**3 + f + 1. Suppose -5*n = -3*y + 26, 4*y - 12 = 5*n - 4*n. Let a(j) = n*q(j) - v(j). What is a(-1)?
-5
Let p be (4/(-6)*-1)/(314/942). Let l(c) = 0*c - 3*c + 1 + 1. Let w(a) = 7*a - 4. Let v(f) = 13*l(f) + 6*w(f). Calculate v(p).
8
Let s(o) = -o**2 + 0*o + o**3 + 0*o - o. Suppose -42 - 30 = -12*n. Let h(r) = 7*r**3 - 11*r**2 - 3*r + 3. Let i(z) = n*s(z) - h(z). Give i(3).
6
Let n(t) = -t**2 + 9*t + 22. Let r be n(11). Let q(j) = -2*j - 3 + j**2 + r*j**2 - 7*j - 2*j**2. What is q(-7)?
11
Suppose -7*i = -i - 90. Suppose -z - 15 = -2*k, -4*k - 5*z = -2*k + i. Let u(y) = y**3 - 4*y**2 - 3*y - 7. What is u(k)?
3
Let x(a) be the third derivative of -19*a**6/120 - a**5/60 + a**4/24 - a**2. Let z be ((-8)/(-6))/(15 - 328/24). Give x(z).
-19
Let z(b) = -3*b + 68. Let h be z(21). Let q(n) = -n**2 + n. Let l be q(-2). Let p(u) = 10*u - 3. Let m(w) = 9*w - 2. Let d(y) = h*p(y) + l*m(y). What is d(-2)?
5
Suppose 3 + 1 = 2*j. Let c(i) = 4*i + 8 + j*i**2 - 2*i**2 - i**2 + 0*i**2. Let q(z) = -6*z**2 + 19*z + 41. Let d(o) = -11*c(o) + 2*q(o). Calculate d(-6).
-6
Let k(z) = z**3 + 17*z**2 + 5. Suppose 0 = -d - 3*y - 5, 3*y - 8 = 2*d + 38. Give k(d).
5
Let s = 314 + -307. Let g(o) = 2*o + 4. Give g(s).
18
Let p(j) be the second derivative of -j**7/840 - j**6/360 + j**5/120 - 13*j**4/12 - 16*j. Let k(a) be the third derivative of p(a). Determine k(1).
-4
Let g = 125 - 121. Let p(z) = -3*z. What is p(g)?
-12
Let z(i) = -i - 36. Let v = 673 - 687. What is z(v)?
-22
Let k(d) = -27*d**3 - 4*d**2 + 25*d + 10. Let i(y) = 10*y**3 + y**2 - 9*y - 3. Let a(w) = 8*i(w) + 3*k(w). Let s = 2 - 6. Calculate a(s).
-6
Let d(a) be the second derivative of a**4/12 + 13*a**3/6 + 17*a**2/2 - 22*a. Let j(x) be the first derivative of d(x). Give j(-11).
-9
Let m(b) = 3*b**2 + 6*b + 3. Let s be m(-2). Let l(p) be the first derivative of -p**2 - 1/3*p**s + p + 1. Give l(-3).
-2
Suppose -3*o + 3 = 0, -o = -2*n - 4*o + 13. Suppose 5*w + 6 = -n*u - 39, -u = -4*w - 16. Let t = w - 2. Let y(q) = q + 3. Determine y(t).
-4
Suppose 4*k - 6 = 10. Let x(i) = i**2 + 7*i - 6. Let m be (2/((-4)/3))/((-5)/10). Let n(g) = -2*g**2 - 8*g + 7. Let s(t) = m*x(t) + 2*n(t). Give s(k).
0
Let f(j) = j + 12. Let t be f(-6). Let s(x) = -2*x**2 - 6*x + t - 4 + 3*x**2 + 5. Suppose c = 4 + 1. What is s(c)?
2
Let w(p) = 6*p - 10. Let l(v) = 8*v - 8. Let r(h) = -2*l(h) + 3*w(h). What is r(-12)?
-38
Let r(g) be the first derivative of -g**4/4 + g**3/3 - 11*g - 3. Calculate r(0).
-11
Let o(b) be the first derivative of 8*b + 1/2*b**2 - 9. Let z = 1 + -7. Calculate o(z).
2
Let l(n) = 4*n + 11. Let a(s) = -5*s - 33. Suppose 7*i - 3 = -38. Let q be a(i). What is l(q)?
-21
Let o(r) = 2*r**2 + 8*r + 1. Let a be o(-6). Suppose 2*v - 87 + 79 = 0. Suppose t + v*t - a = 0. Let g(h) = h - 10. Calculate g(t).
-5
Let k(z) = -4. Let l(s) = s + 8. Let f(u) = 7*k(u) + 3*l(u). Let w(p) = p. Let i(n) = -f(n) + 4*w(n). What is i(-3)?
1
Let c(g) = 12*g**2 + g**2 - 11*g**2 - 1 + 3*g**2 - g**3 + 6*g. What is c(6)?
-1
Suppose 2*a = -a - 3*v + 3, 4*a = 3*v + 11. Let k(c) = 4*c**3 - 7 + 7*c - 7*c**a + 12*c**2 + 1 - 5*c**3. Give k(6).
0
Let r be (-3)/((-12)/10)*4/5. Suppose 3*s = r*m - 10, -3*m + s = 2*m + 1. Let i(k) = 6*k + 3. Let o(q) = -q - 1. Let d(b) = -i(b) - 2*o(b). What is d(m)?
3
Let h(x) = -6*x. Let v(w) = w**2 - 15*w + 45. Let f be v(11). Calculate h(f).
-6
Suppose 0 = -7*d + 10*d - 489. Let u(t) = -4 + 11 - d*t + 162*t. Suppose 7*l - 2*l + 25 = 0. Give u(l).
12
Suppose -7 = 5*p - 5*w + 18, 5*w - 25 = -2*p. Let m(t) = t**3 - t**2 - t - 11. What is m(p)?
-11
Suppose q = -0 - 1. Let z be (q - -3)*1 + -4. Let n(y) be the first derivative of y**4/4 + 2*y**3/3 + y**2 - y + 1. Determine n(z).
-5
Let n(p) = -p**3 - 1 - 7*p**2 + 8 - p - 34 + 17. Give n(-7).
-3
Let y(z) be the third derivative of -z**4/4 - z**3/2 + 65*z**2. Give y(-4).
21
Let d(u) = -6*u**3 - 2*u**2 - 4*u - 2. Suppose 14*q = -q - 30. Determine d(q).
46
Let a(m) be the second derivative of 11*m**5/20 + m**3/2 - m**2 - 3*m + 37. Determine a(1).
12
Let l(i) = -i**2 + 2*i + 21. Let f be l(6). Let j(s) = -s. Calculate j(f).
3
Let x = 1 - -2. Let u(l) be the second derivative of -1/6*l**4 + 0 + 10*l + 2*l**2 + 1/2*l**3. Determine u(x).
-5
Suppose -2*h + 5*h + 34 = 2*u, 5 = -5*u. Let c(f) = f. What is c(h)?
-12
Let o(m) = -123*m**2 + 24*m + 17. Let s(b) = 74*b**2 - 13*b - 9. Let q(d) = -3*o(d) - 5*s(d). Let j = -7 + 2. Determine q(j).
4
Let a(q) = -2*q - 2. Suppose -11*i - i + 612 = 0. Let f = 46 - i. Determine a(f).
8
Let m(d) be the second derivative of d**5/20 + d**4/2 + 5*d**3/6 - d**2/2 - 5*d + 4. Let j be (8/12 + -1)*-9. Let n = -2 - j. Calculate m(n).
-1
Let j(d) = -9*d - 1 - 6 + 20*d - 10*d. Calculate j(3).
-4
Let b(c) = -4 + 70*c + 5 - 37*c - 36*c. Give b(5).
-14
Let s be 1*(0 - 0)/(-1). Let h(w) = -5*w + 4*w + s*w + 2*w + 6*w**2. Let q be (4 - 7/2)*-2. Determine h(q).
5
Let b(c) = 6*c + 11*c - 2*c + 75 - 2*c - 91. Determine b(5).
49
Let c(u) be the first derivative of -u + 3 + 5/2*u**2. Suppose 0 = -5*v - 158 + 163. Determine c(v).
4
Let m(r) = r**3 + 3*r**2 - 5*r - 5. Let f = -29 - -41. Let d be (9 - 3)*f/(-18). Calculate m(d).
-1
Let q(c) be the first derivative of 4*c**2 + c - 20. Let b(l) = l**2 + 2*l - 12. Let o be b(-5). Suppose -2*k = s + o + 2, -5*k = -2*s - 1. Calculate q(k).
-7
Let i(w) = -1 + 0*w + 3*w + 4*w. Determine i(-1).
-8
Let l(k) = -101*k + 191*k - 91*k - 5*k**2. Let y(j) = j - 4. Let w be y(3). Give l(w).
-4
Let v(g) = -29*g - 305. Let m be v(-11). Suppose 0*y + 5*y + 60 = -5*n, 3*n - 3*y = -48. Let z be (-6)/n - 34/m. Let a(s) = -2*s**2 - 2*s - 1. Determine a(z).
-5
Let h(f) = -2*f - 7. Let m be (-3)/(-3)*(1 + 0). Let p be m/(4 + (-42)/10). Determine h(p).
3
Let p be (-103)/(-15) + (-8)/(-60). Let z be 0/(p/((-7)/(-2))). Let r(n) = -14 + 10*n**2 - n + z*n + 15. What is r(1)?
10
Suppose 351*k = 366*k - 120. Let j(p) = -4*p + 14. Determine j(k).
-18
Let u = 113 + -107. Let d(b) = -2*b. Let j(n) = 13*n - 4. Let h(v) = u*d(v) + j(v). Calculate h(0).
-4
Let v(g) = -11*g**2 - g + 1. Suppose n - j - 6 = -2*j, 0 = -3*n + 3*j + 18. Let t(w) = w**3 - 24*w + n + 11*w + 4*w**2 + 9*w. Let i be t(-5). Calculate v(i).
-11
Let x(r) = -r**3 - 3 + 543*r - 536*r + 5*r**2 + 5. Give x(6).
8
Suppose -p + 0*p = -3. Suppose 1 = i + p. Let q(d) = 9*d + 12*d + 3*d + 2*d**2 + 2*d - 24*d + 3. What is q(i)?
7
Let z be 58/4*(10 - 12). Let n = -27 - z. Suppose 0 = 5*x - n - 3. Let j(b) = -6*b**2 - 1. Calculate j(x).
-7
Let a be -10*(3/(-30) + 15/25). Let w(k) = -6*k - 1 + 6*k**2 + k**3 - 4 + 9*k. What is w(a)?
5
Suppose 0 = -5*j + 5*n - 20, 3*j - 4*n = -4 - 3. Let a(f) = f**3 + 8*f**2 - 9*f + 6. Give a(j).
6
Let m(n) be the first derivative of -3*n**2/2 + 6*n - 65. Determine m(1).
3
Let r(b) = -b**3 + 19*b**2 - 32*b - 30. Let k be r(17). Let g(n) = n**2 - 8*n + 5. 